n base 14, what is -3c05c73 + 7?
-3c05c6a
In base 9, what is 4357216 + 18?
4357235
In base 15, what is -25c0b1 - -1?
-25c0b0
In base 15, what is 244c99 + 3?
244c9c
In base 12, what is 34 + 476749?
476781
In base 7, what is -42 - -33044136?
33044064
In base 15, what is -27b7863 - -5?
-27b785d
In base 8, what is 114 + 14746332?
14746446
In base 16, what is -8f46aa + 5?
-8f46a5
In base 9, what is -347 + -2344786?
-2345244
In base 15, what is a + -8cc774?
-8cc769
In base 3, what is 102210021 - -1022?
102211120
In base 15, what is -133e0339 + -4?
-133e033d
In base 15, what is b3ae067 + -2?
b3ae065
In base 14, what is 0 - -63b4629?
63b4629
In base 8, what is -213 - 7540763?
-7541176
In base 2, what is 11110111110011 - 110101101111?
11000010000100
In base 15, what is -6 - 2a2203?
-2a2209
In base 12, what is 37 - 31780?
-31745
In base 12, what is 5 - 732831?
-732828
In base 16, what is -1 - 2bf4bd?
-2bf4be
In base 6, what is 354 + 33315313?
33320111
In base 16, what is 0 - 1f515d?
-1f515d
In base 15, what is 3aacb - -4?
3aad0
In base 15, what is 225 - 36827?
-36602
In base 11, what is 50 + -a2a8?
-a258
In base 16, what is -180ee1 + -38?
-180f19
In base 4, what is 220102 + 11201?
231303
In base 6, what is -353421214 + -4?
-353421222
In base 10, what is -5 - 43887350?
-43887355
In base 9, what is 53865881 + 3?
53865884
In base 2, what is 1100010101110101111011 + -1011000?
1100010101110100100011
In base 12, what is 181 - 2ba811?
-2ba650
In base 13, what is 32590cb6 + 1?
32590cb7
In base 4, what is 11 - -20201330030?
20201330101
In base 11, what is 29 - 2180977?
-2180949
In base 2, what is -11111110001100111110 + 100?
-11111110001100111010
In base 10, what is 4 + 152851902?
152851906
In base 15, what is a7c4bb - -1?
a7c4bc
In base 9, what is -57 - 2531748?
-2531816
In base 6, what is 2 - -301401541?
301401543
In base 7, what is -10660256 + -241?
-10660530
In base 3, what is 20102102222011101 - 2?
20102102222011022
In base 5, what is 1420433 - 110023?
1310410
In base 15, what is -778c + -cd?
-786a
In base 10, what is -22203 - 7746?
-29949
In base 6, what is -400020034 + 34?
-400020000
In base 14, what is 54675274 + 4?
54675278
In base 12, what is -28b35 - -49?
-28aa8
In base 13, what is 37075b + 42?
3707a0
In base 9, what is -3258 - 3617?
-6876
In base 16, what is -149 + 54e13?
54cca
In base 15, what is 0 + -1432b1?
-1432b1
In base 16, what is 1d31 + -78?
1cb9
In base 2, what is 11011001010101001001010 + -10?
11011001010101001001000
In base 16, what is 2 + -6a684?
-6a682
In base 9, what is -1 - 24616008?
-24616010
In base 12, what is 6b - 19131b0?
-1913141
In base 4, what is 2 - -103032100013?
103032100021
In base 6, what is 2214355 - 221?
2214134
In base 11, what is -1a19 - a1834?
-a3752
In base 4, what is 31 + -100021103112?
-100021103021
In base 8, what is -2 + -16556206?
-16556210
In base 2, what is 1101111000100000010111 - 10000?
1101111000100000000111
In base 2, what is 10110001001011101111001 + -100001?
10110001001011101011000
In base 3, what is -102201 - 1221202222121?
-1221210102022
In base 15, what is -48aa + 12?
-4898
In base 16, what is -2f8122e - 1?
-2f8122f
In base 4, what is 22310210321 + -312?
22310210003
In base 9, what is -257626 - 256?
-257883
In base 14, what is 1 + -4da365?
-4da364
In base 14, what is 5d927521 + 5?
5d927526
In base 6, what is -4013335100 + 3?
-4013335053
In base 6, what is 5024124152 + 4?
5024124200
In base 4, what is -200 - -2203320030?
2203313230
In base 14, what is -1 + -191d45?
-191d46
In base 6, what is 515431 + 3121?
522552
In base 8, what is -127315367 + -1?
-127315370
In base 12, what is 1381a5189 - -2?
1381a518b
In base 16, what is -3384cd7 - -1?
-3384cd6
In base 2, what is -111000010011001001 - -1001100011?
-111000001001100110
In base 10, what is -27706 + -9903?
-37609
In base 6, what is -34 - -15540544?
15540510
In base 11, what is -4138 + -706?
-4843
In base 16, what is 4863 - -1d2?
4a35
In base 5, what is 111441010 - -201?
111441211
In base 10, what is -8 - 714963?
-714971
In base 5, what is -2 - 422401120?
-422401122
In base 7, what is 35266 - -56463?
125062
In base 9, what is -236857 + -1?
-236858
In base 8, what is -5463025 + 36?
-5462767
In base 2, what is -10000110101000100 + 11110?
-10000110100100110
In base 16, what is -10b9 + -1d1b?
-2dd4
In base 3, what is 1121222110200 - -22?
1121222110222
In base 13, what is 2019 + -28b28?
-26b0c
In base 15, what is 252 + -1b367?
-1b115
In base 16, what is -3b59297 - 1?
-3b59298
In base 6, what is 12551011 - 44?
12550523
In base 11, what is 195 - -67353?
67538
In base 4, what is 2213 - -113101231011?
113101233230
In base 16, what is -1c4e7 - -547?
-1bfa0
In base 4, what is 1213 + -131301301?
-131300022
In base 6, what is -1 - 1402525534?
-1402525535
In base 11, what is -927 - -2929?
2002
In base 15, what is 2e - cbd87?
-cbd58
In base 10, what is 4 - 108350528?
-108350524
In base 6, what is -40032324 - -145?
-40032135
In base 7, what is -151604 + 222103?
40166
In base 11, what is -10a869a - -3?
-10a8697
In base 5, what is 11212 - -412312000?
412323212
In base 12, what is -a6310 - -163?
-a6169
In base 14, what is -a2 + -18982?
-18a44
In base 14, what is 20 - a8767?
-a8747
In base 11, what is -4 - 25781717?
-25781720
In base 5, what is 23111 - -2421430?
3000041
In base 2, what is -1101010101111000100 - -11110?
-1101010101110100110
In base 5, what is -101120232301 - 1?
-101120232302
In base 7, what is -2256334225 + 13?
-2256334212
In base 16, what is -27 - 5eae3?
-5eb0a
In base 9, what is 28520 + -36441?
-6821
In base 14, what is -bb442a8 - -5?
-bb442a3
In base 7, what is -62 + 2400526?
2400434
In base 15, what is -b4078 - 10?
-b4088
In base 9, what is -6 - 884207?
-884214
In base 2, what is 101000100100 + -1100101010010100?
-1100000001110000
In base 15, what is -1dd40 - 598?
-1e3d8
In base 9, what is -15751617 + 3?
-15751614
In base 10, what is 127084530 - -1?
127084531
In base 16, what is -2c - 306db?
-30707
In base 11, what is -4936 + 26429?
215a3
In base 2, what is -10100010110111011110000 - -100?
-10100010110111011101100
In base 13, what is 151 + -c6268?
-c6117
In base 16, what is -37a3 - 49d8?
-817b
In base 13, what is 105823 + 24?
105847
In base 3, what is 11101202210222120 - 0?
11101202210222120
In base 11, what is 5 - 7a87309?
-7a87304
In base 4, what is -1200313 + -1001230?
-2202203
In base 9, what is 38454073 + -4?
38454068
In base 15, what is 167a37 + 195?
167bcc
In base 7, what is -20510 - -115001?
64161
In base 16, what is -8280197 - 4?
-828019b
In base 16, what is 7e33c0 + b?
7e33cb
In base 11, what is -16652 - 3aa?
-16a51
In base 15, what is -2d47 - 1b48e?
-1e2d6
In base 11, what is -8 - 177a8a04?
-177a8a11
In base 3, what is -1021202121201211202 - 11?
-1021202121201211220
In base 9, what is -24 + 15682?
15657
In base 2, what is 1000111101100000110000 - 1100?
1000111101100000100100
In base 12, what is 17065b + -5?
170656
In base 14, what is 65 - -25163?
251c8
In base 3, what is -11102100011201110102 + 12?
-11102100011201110020
In base 6, what is -2113 - -510112?
503555
In base 8, what is -17206 + -2074?
-21302
In base 8, what is 2013 + 50022?
52035
In base 12, what is 43488 + 558?
43a24
In base 5, what is 403 + 20203134?
20204042
In base 2, what is 10001001110100001111000110 + 11?
10001001110100001111001001
In base 6, what is 12 + 21434313?
21434325
In base 5, what is -102412 + 100013?
-2344
In base 15, what is 6c8c - -b783?
13520
In base 5, what is 2430222 + -22441?
2402231
In base 8, what is 7105663070 - 4?
7105663064
In base 14, what is 965 + 11c0b?
12772
In base 10, what is -13389978 + 2?
-13389976
In base 8, what is -1115677 + -74?
-1115773
In base 15, what is -4d824b - -2?
-4d8249
In base 13, what is 184 + 401b?
41a2
In base 16, what is -7ea3b + 1e?
-7ea1d
In base 10, what is -15162664 + -1?
-15162665
In base 14, what is -59b38411 - 4?
-59b38415
In base 3, what is -20220221011200102 + 0?
-20220221011200102
In base 14, what is 1d1 - 8c0a4?
-8bcb3
In base 6, what is -103534 - -15152?
-44342
In base 5, what is 0 + 141440334?
141440334
In base 7, what is -36425 - -214324?
144566
In base 9, what is 126608601 + 0?
126608601
In base 16, what is -f8a98 - -49?
-f8a4f
In base 9, what is 20133118 - -15?
20133134
In base 6, what is -41052 - -221?
-404